 3*o + 44. Give i(0).
44
Let g(u) = -3*u - 22. Determine g(-15).
23
Let p(s) = -7*s - 18. Give p(-5).
17
Let q(i) = 2*i - 16. What is q(5)?
-6
Let y(s) = s**3 + 10*s**2 + 13*s - 11. Calculate y(-9).
-47
Let g(n) = 4*n**2 + 122*n + 48. Give g(-30).
-12
Let c(y) = 3*y + 5. Calculate c(-3).
-4
Let i(d) = d**3 - 5*d**2 + 5. Determine i(5).
5
Let x(o) = o**2 - 4*o - 11. What is x(7)?
10
Let o(j) = j**3 + 8*j**2 - 2*j + 5. Calculate o(-8).
21
Let c(p) = -p**2 - p + 28. Calculate c(0).
28
Let m(s) = -48*s**2 + 4*s - 2. Determine m(1).
-46
Let j(l) = l**3 - 9*l**2 - 10*l - 9. What is j(10)?
-9
Let b(o) = -2*o - 3. What is b(0)?
-3
Let i(l) = l**3 - 6*l**2 - 54*l - 13. Calculate i(11).
-2
Let w(g) = 8*g - 5. Give w(10).
75
Let f(r) = r**2 + 10*r + 25. Give f(-6).
1
Let u(m) = 9*m + 2. Determine u(-1).
-7
Let v(r) = 16*r**2 + 2*r - 1. What is v(1)?
17
Let a(m) = m**3 + m**2 - 9*m - 11. Give a(-2).
3
Let i(b) = -2*b**3 - 14*b**2 - b + 18. Determine i(-7).
25
Let p(m) = m**2 - 9*m - 10. Calculate p(7).
-24
Let n(v) = -4*v + 17. Give n(7).
-11
Let q(l) = 6*l + 6. Calculate q(10).
66
Let j(c) = 2*c**3 - 17*c**2 + 10*c - 16. Give j(8).
0
Let x(p) = p**3 - 4*p**2 - p. Calculate x(4).
-4
Let i(a) = -2*a**2 - a - 5. What is i(0)?
-5
Let l(d) = -d**3 + 7*d**2 - 6*d - 4. Determine l(6).
-4
Let w(y) = y + 13. What is w(-21)?
-8
Let c(s) = -2*s**2 - 5*s - 4. Give c(-5).
-29
Let a(c) = 2*c**2 + 5*c - 12. What is a(2)?
6
Let l(o) = 2*o**2 - 2*o - 3. Calculate l(-2).
9
Let g(j) = -12*j**2 - 2*j - 2. Calculate g(-1).
-12
Let f(q) = -26*q + 1866. Determine f(72).
-6
Let a(b) = 2*b - 5. Calculate a(0).
-5
Let g(w) = 9*w + 125. Give g(-15).
-10
Let z(b) = b**3 - 13*b**2 + 22*b + 8. Determine z(11).
8
Let o(d) = -d**3 - 4*d**2 + 4*d - 2. Give o(2).
-18
Let n(b) = 2*b + 12. What is n(-4)?
4
Let m(b) = b - 6. What is m(15)?
9
Let d(n) = n**2 + n - 1. What is d(-4)?
11
Let g(i) = 5*i + 7. What is g(0)?
7
Let s(f) = f**3 - 10*f**2 - 2*f + 21. Give s(10).
1
Let k(g) = -2*g**2 + 14*g + 6. What is k(8)?
-10
Let g(n) = n**3 + 36*n**2 + 4*n + 143. Calculate g(-36).
-1
Let f(l) = -2*l**3 - 11*l**2 - 3*l + 6. Calculate f(-5).
-4
Let c(u) = -4*u**3 + 4*u**2 - 4*u + 3. Calculate c(2).
-21
Let n(h) = -9*h - 76. Determine n(-6).
-22
Let w(o) = 6*o + 116. Give w(-19).
2
Let w(v) = v**3 + 7*v**2 + 8*v - 7. Determine w(-5).
3
Let q(g) = -35*g + 180. Give q(5).
5
Let c(h) = 8*h + 16. Calculate c(-2).
0
Let o(p) = -31*p + 991. Calculate o(32).
-1
Let r(t) = -t**3 + 6*t**2 - 2*t + 1. Calculate r(6).
-11
Let h(d) = d**2 - 5*d - 4. Give h(7).
10
Let g(i) = -i**2 - 2*i - 19. Calculate g(0).
-19
Let x(s) = s**2 + 2*s - 7. What is x(-5)?
8
Let w(s) = s**2 - 23*s - 13. What is w(20)?
-73
Let p(a) = 11*a - 85. Calculate p(8).
3
Let s(g) = -2*g**3 + 24*g**2 + g + 8. Calculate s(12).
20
Let l(x) = -x**2 - x + 14. What is l(-5)?
-6
Let x(b) = 16*b + 8. Determine x(-4).
-56
Let a(y) = y**3 + 4*y**2 - 7*y - 23. Calculate a(-3).
7
Let g(s) = 24*s + 12. What is g(-1)?
-12
Let y(x) = -x**2 + 16*x + 31. Give y(15).
46
Let l(k) = 5*k - 17. Calculate l(5).
8
Let a(q) = 19*q + 2. Calculate a(-1).
-17
Let n(d) = -24*d - 18. Give n(0).
-18
Let k(q) = -39*q - 50. Give k(-1).
-11
Let k(p) = 6*p**2 - 9*p + 8. What is k(2)?
14
Let d(h) = 32*h + 1. Give d(-1).
-31
Let r(u) = u**3 - 23*u**2 - 22*u + 32. What is r(24)?
80
Let h(d) = 2*d**3 + 7*d**2 - 7*d + 10. Calculate h(-5).
-30
Let w(f) = -2*f**2 - 9*f + 5. What is w(-6)?
-13
Let f(j) = -j**3 + 8*j**2 + 8*j - 3. What is f(9)?
-12
Let i(u) = 5*u + 152. Give i(-31).
-3
Let t(y) = 7*y**3 + 1. Determine t(1).
8
Let f(q) = q**3 + 4*q**2 - q - 9. Give f(-4).
-5
Let i(d) = 7*d + 103. What is i(-14)?
5
Let j(q) = -q**3 - 4*q**2 - 2*q + 11. Give j(-2).
7
Let u(f) = 7*f**2 - 163*f + 50. Give u(23).
4
Let s(y) = y + 3. Calculate s(-11).
-8
Let p(q) = 9*q - 5. What is p(5)?
40
Let t(n) = -66*n**2 - 2*n - 2. Give t(-1).
-66
Let i(g) = 4*g**2 - g - 4. Determine i(5).
91
Let j(q) = 2*q**2 - 16*q - 15. Determine j(9).
3
Let j(k) = 45*k + 2745. Give j(-61).
0
Let p(z) = -z - 11. Give p(-4).
-7
Let c(a) = a**3 - 21*a**2 + 22*a - 32. Determine c(20).
8
Let v(h) = -h - 10. Give v(-4).
-6
Let l(s) = s**3 - 3*s + 13. Calculate l(-3).
-5
Let h(o) = 2*o**2 + 95*o - 363. What is h(-51)?
-6
Let n(o) = o - 8. Determine n(7).
-1
Let c(x) = -34*x**2 - 15*x - 14. Give c(-1).
-33
Let o(u) = -u**3 - 12*u**2 - 6*u - 56. What is o(-12)?
16
Let i(k) = 3*k**2 + 13*k + 4. What is i(-5)?
14
Let a(w) = -4*w**2 - 40*w - 10. Give a(-11).
-54
Let v(s) = -s**3 - 6*s**2 - 5*s + 9. Give v(-5).
9
Let i(f) = f**3 + 6*f**2 - 3*f + 8. Give i(-6).
26
Let h(g) = g - 4. Determine h(3).
-1
Let h(d) = -d**2 + 9*d - 11. Determine h(5).
9
Let a(q) = 8*q - 38. Calculate a(4).
-6
Let t(q) = 2*q**2 + 6*q + 1. What is t(-4)?
9
Let k(a) = -a**3 - 26*a**2 - 3*a - 71. What is k(-26)?
7
Let u(f) = 2*f + 29. Determine u(-15).
-1
Let i(v) = v**2 - v + 1. Determine i(3).
7
Let k(f) = -f**3 - 3*f**2 - 2*f + 4. Determine k(-3).
10
Let m(n) = -10*n - 7. What is m(-2)?
13
Let c(r) = -2*r**2 - 12*r - 3. Give c(-6).
-3
Let o(u) = u**2 - 5*u + 1. Determine o(4).
-3
Let f(t) = t + 46. Give f(-17).
29
Let k(o) = 51*o**2 - 3*o - 2. Calculate k(-1).
52
Let o(l) = -45*l + 306. What is o(7)?
-9
Let z(y) = -y**3 + 8*y**2 - 3*y + 12. What is z(8)?
-12
Let k(b) = 14*b - 5. Give k(-1).
-19
Let h(f) = 2*f + 4. Calculate h(3).
10
Let m(w) = -2*w**3 + 6*w**2 + 9*w - 8. Give m(4).
-4
Let d(g) = 2*g**3 + 3*g**2 + 4*g + 2. Calculate d(-3).
-37
Let l(d) = -7*d + 105. Give l(14).
7
Let g(r) = r**3 - 2*r + 26. Determine g(0).
26
Let t(u) = 47*u - 366. Determine t(8).
10
Let d(r) = -r**3 + r**2 - 3*r - 1. Calculate d(2).
-11
Let p(d) = 6*d. Calculate p(2).
12
Let s(x) = x**3 + 8*x**2 + 11. Determine s(-8).
11
Let h(i) = -3*i - 95. Calculate h(-26).
-17
Let n(d) = -2*d**2 + 7*d + 12. What is n(7)?
-37
Let k(w) = -2*w**2 + 77*w - 109. Determine k(37).
2
Let a(m) = 9*m + 219. Calculate a(-23).
12
Let c(w) = 3*w + 4. Calculate c(7).
25
Let j(x) = -x**3 - 6*x**2 + 2*x + 3. Determine j(-6).
-9
Let d(z) = -8*z - 1. Give d(2).
-17
Let x(a) = -3*a**2 + 24*a + 20. Give x(10).
-40
Let n(o) = o**3 - 7*o**2 - 18*o - 7. Determine n(9).
-7
Let d(r) = r + 18. Calculate d(0).
18
Let h(f) = f + 15. Calculate h(2).
17
Let b(g) = g**3 - 20*g**2 + 91*g + 2. Calculate b(7).
2
Let k(j) = -5*j + 50. Determine k(10).
0
Let n(v) = -4*v + 38. What is n(9)?
2
Let y(x) = -8*x + 12. Give y(2).
-4
Let w(y) = y + 9. Give w(-8).
1
Let w(j) = -j**3 + 5*j**2 - 12*j + 9. Calculate w(4).
-23
Let k(d) = d**2 + 5*d - 2. Calculate k(-8).
22
Let p(w) = 4*w - 4. Give p(12).
44
Let n(f) = 6*f. Determine n(-3).
-18
Let n(b) = b**3 + 3*b**2 + 4*b + 3. Determine n(-3).
-9
Let a(q) = -11*q**2 + 4*q + 3. What is a(-1)?
-12
Let b(d) = d**3 - 7*d**2 + 7*d + 5. Give b(5).
-10
Let a(n) = n**3 - 8*n**2 + 14*n - 117. Calculate a(8).
-5
Let j(b) = b**3 - 5*b**2 + 6*b - 6. What is j(4)?
2
Let o(a) = -7*a**2 - 434*a - 15. What is o(-62)?
-15
Let b(g) = g + 48. Determine b(-19).
29
Let k(h) = -h**2 - 9*h + 22. Calculate k(-9).
22
Let s(k) = -2*k**3 - 9*k**2 - 5*k - 3. Give s(-4).
1
Let c(m) = -6*m**3 - 4*m - 2. Determine c(-1).
8
Let d(h) = h**3 + 3*h**2 - 41*h - 5. What is d(-8)?
3
Let x(z) = 2*z + 39. Determine x(21).
81
Let g(r) = -r - 10. Give g(-12).
2
Let n(h) = -57*h + 1478. Give n(26).
-4
Let x(d) = -2*d + 28. Determine x(12).
4
Let u(q) = -5*q - 30. Determine u(-6).
0
Let j(r) = -r**3 + 6*r**2 - 4*r - 8. Determine j(4).
8
Let h(k) = 8*k - 289. Give h(32).
-33
Let u(c) = -c**2 + 14*c + 20. Give u(17).
-31
Let i(h) = -h**3 - 22*h**2 + 24*h + 7. Calculate i(-23).
-16
Let q(p) = -p**3 + 10*p**2 + 10*p - 1. Determine q(11).
-12
Let b(g) = -g**2 - 12*g - 7. What is b(-9)?
20
Let c(h) = 14*h**2 - 10*h + 24. What is c(2)?
60
Let o(f) = -f**2 + 30*f - 44. Determine o(24).
100
Let u(l) = l**2 + 2*l - 2. Calculate u(-7).
33
Let q(z) = 2*z + 13. Calculate q(-9).
-5
Let q(i) = -5*i**2 - 3*i - 7. Give q(5).
-147
Let x(b) = b**3 - 4*b**2 + 2*b - 2. What is x(5)?
33
Let b(c) = c - 22. Determine b(12).
-10
Let s(i) = -2*i**3 - 4*i**2 + i. What is s(-3)?
15
Let s(c) = -c**3 + 17*c**2 - 55*c + 34. Determine s(13).
-5
Let j(g) = -13*g**2 - 1. Give j(1).
-14
Let m(s) = -s**3 + 28*s**2 - 74*s - 28. Calculate m(25).
-3
Let o(